{"id":7499,"date":"2025-11-15T16:22:00","date_gmt":"2025-11-15T15:22:00","guid":{"rendered":"https:\/\/utoe.ch\/?post_type=events&#038;p=7499"},"modified":"2025-11-15T16:22:01","modified_gmt":"2025-11-15T15:22:01","slug":"cavergno-alpe-di-paraula-brontallo-2","status":"publish","type":"events","link":"https:\/\/utoe.ch\/?events=cavergno-alpe-di-paraula-brontallo-2","title":{"rendered":"Cavergno-Alpe di Par\u00e0ula-Brontallo"},"content":{"rendered":"\n<figure class=\"wp-block-table\"><table class=\"has-fixed-layout\"><tbody><tr><td>Saliremo dalla F\u00e0ula di Cavergno ai Monti per poi imboccare il sentiero che ci porter\u00e0 fin sullo spettacolare scenario dell&#8217;Alpe di Par\u00e0ula. Scenderemo verso la Val Lavizzara fino al caratteristico Villaggio di Brontallo.<\/td><\/tr><\/tbody><\/table><\/figure>\n","protected":false},"excerpt":{"rendered":"<p>Saliremo dalla F\u00e0ula di Cavergno ai Monti per poi imboccare il sentiero che ci porter\u00e0 fin sullo spettacolare scenario dell&#8217;Alpe di Par\u00e0ula. Scenderemo verso la Val Lavizzara fino al caratteristico Villaggio di Brontallo.<\/p>\n","protected":false},"author":3,"featured_media":0,"menu_order":0,"template":"","meta":{"_et_pb_use_builder":"","_et_pb_old_content":"","_et_gb_content_width":"","ngg_post_thumbnail":0,"footnotes":""},"calendar":[10],"organizer":[40],"venue":[],"class_list":["post-7499","events","type-events","status-publish","hentry","calendar-escursionismo","organizer-eros-lupi-e-eliana-porta"],"_links":{"self":[{"href":"https:\/\/utoe.ch\/index.php?rest_route=\/wp\/v2\/events\/7499","targetHints":{"allow":["GET"]}}],"collection":[{"href":"https:\/\/utoe.ch\/index.php?rest_route=\/wp\/v2\/events"}],"about":[{"href":"https:\/\/utoe.ch\/index.php?rest_route=\/wp\/v2\/types\/events"}],"author":[{"embeddable":true,"href":"https:\/\/utoe.ch\/index.php?rest_route=\/wp\/v2\/users\/3"}],"version-history":[{"count":1,"href":"https:\/\/utoe.ch\/index.php?rest_route=\/wp\/v2\/events\/7499\/revisions"}],"predecessor-version":[{"id":7500,"href":"https:\/\/utoe.ch\/index.php?rest_route=\/wp\/v2\/events\/7499\/revisions\/7500"}],"wp:attachment":[{"href":"https:\/\/utoe.ch\/index.php?rest_route=%2Fwp%2Fv2%2Fmedia&parent=7499"}],"wp:term":[{"taxonomy":"calendar","embeddable":true,"href":"https:\/\/utoe.ch\/index.php?rest_route=%2Fwp%2Fv2%2Fcalendar&post=7499"},{"taxonomy":"organizer","embeddable":true,"href":"https:\/\/utoe.ch\/index.php?rest_route=%2Fwp%2Fv2%2Forganizer&post=7499"},{"taxonomy":"venue","embeddable":true,"href":"https:\/\/utoe.ch\/index.php?rest_route=%2Fwp%2Fv2%2Fvenue&post=7499"}],"curies":[{"name":"wp","href":"https:\/\/api.w.org\/{rel}","templated":true}]}}

Cavergno-Alpe di Paràula-Brontallo

<figure class="wp-block-table"><table class="has-fixed-layout"><tbody><tr><td>Saliremo dalla Fàula di Cavergno ai Monti per poi imboccare il sentiero che ci porterà fin sullo spettacolare scenario dell&#8217;Alpe di Paràula. Scenderemo verso la Val Lavizzara fino al caratteristico Villaggio di Brontallo.</td></tr></tbody></table></figure>

<p>Saliremo dalla Fàula di Cavergno ai Monti per poi imboccare il sentiero che ci porterà fin sullo spettacolare scenario dell&#8217;Alpe di Paràula. Scenderemo verso la Val Lavizzara fino al caratteristico Villaggio di Brontallo.</p>
