{"id":24,"date":"2018-01-26T08:32:24","date_gmt":"2018-01-26T07:32:24","guid":{"rendered":"http:\/\/utoe.ch\/?page_id=24"},"modified":"2026-04-28T20:53:03","modified_gmt":"2026-04-28T18:53:03","slug":"capanna-albagno","status":"publish","type":"page","link":"https:\/\/utoe.ch\/?page_id=24","title":{"rendered":"Capanna Albagno"},"content":{"rendered":"<p>[et_pb_section fb_built=&#8221;1&#8243; fullwidth=&#8221;on&#8221; _builder_version=&#8221;4.16&#8243; global_colors_info=&#8221;{}&#8221;][et_pb_fullwidth_header title=&#8221;CAPANNA ALBAGNO&#8221; _builder_version=&#8221;4.16&#8243; title_font=&#8221;Archivo Black||||||||&#8221; title_text_color=&#8221;#0c71c3&#8243; background_color=&#8221;rgba(255, 255, 255, 0)&#8221; background_layout=&#8221;light&#8221; min_height=&#8221;189px&#8221; custom_padding=&#8221;||13px|||&#8221; title_text_shadow_style=&#8221;preset2&#8243; title_text_shadow_color=&#8221;rgba(12,155,211,0.4)&#8221; global_colors_info=&#8221;{}&#8221; button_one_text_size__hover_enabled=&#8221;off&#8221; button_two_text_size__hover_enabled=&#8221;off&#8221; button_one_text_color__hover_enabled=&#8221;off&#8221; button_two_text_color__hover_enabled=&#8221;off&#8221; button_one_border_width__hover_enabled=&#8221;off&#8221; button_two_border_width__hover_enabled=&#8221;off&#8221; button_one_border_color__hover_enabled=&#8221;off&#8221; button_two_border_color__hover_enabled=&#8221;off&#8221; button_one_border_radius__hover_enabled=&#8221;off&#8221; button_two_border_radius__hover_enabled=&#8221;off&#8221; button_one_letter_spacing__hover_enabled=&#8221;off&#8221; button_two_letter_spacing__hover_enabled=&#8221;off&#8221; button_one_bg_color__hover_enabled=&#8221;off&#8221; button_two_bg_color__hover_enabled=&#8221;off&#8221;][\/et_pb_fullwidth_header][\/et_pb_section][et_pb_section fb_built=&#8221;1&#8243; _builder_version=&#8221;4.16&#8243; min_height=&#8221;83px&#8221; custom_margin=&#8221;1px|||||&#8221; custom_padding=&#8221;0px|||||&#8221; global_colors_info=&#8221;{}&#8221;][\/et_pb_section][et_pb_section fb_built=&#8221;1&#8243; _builder_version=&#8221;4.16&#8243; custom_margin=&#8221;-146px|||||&#8221; global_colors_info=&#8221;{}&#8221;][et_pb_row _builder_version=&#8221;4.16&#8243; background_size=&#8221;initial&#8221; background_position=&#8221;top_left&#8221; background_repeat=&#8221;repeat&#8221; global_colors_info=&#8221;{}&#8221;][et_pb_column type=&#8221;4_4&#8243; _builder_version=&#8221;4.16&#8243; custom_padding=&#8221;|||&#8221; global_colors_info=&#8221;{}&#8221; custom_padding__hover=&#8221;|||&#8221;][et_pb_text _builder_version=&#8221;4.16&#8243; text_orientation=&#8221;justified&#8221; global_colors_info=&#8221;{}&#8221;]<\/p>\n<p style=\"text-align: center;\"><iframe loading=\"lazy\" style=\"border: 0;\" src=\"https:\/\/map.geo.admin.ch\/embed.html?lang=it&amp;topic=ech&amp;bgLayer=ch.swisstopo.pixelkarte-farbe&amp;layers=ch.swisstopo.zeitreihen,ch.bfs.gebaeude_wohnungs_register,ch.bav.haltestellen-oev,ch.swisstopo.swisstlm3d-wanderwege,KML%7C%7Chttps:%2F%2Fpublic.geo.admin.ch%2Fzs55Yy84R1ye1xUH9fQCeQ&amp;layers_visibility=false,false,false,false,true&amp;layers_timestamp=18641231,,,,&amp;E=2716989.47&amp;N=1120341.88&amp;zoom=8\" width=\"800\" height=\"600\" frameborder=\"0\"><\/iframe><\/p>\n<p>Graziosa capanna situata sopra Bellinzona, ai piedi di importanti cime e interessante base per la \u201cVia alta della Verzasca\u201d. La capanna \u00e8 la meta preferita per famiglie ed escursionisti che vogliono godersi le bellezze della montagna. Gode di una vista stupenda sul fondovalle ed il lago Ceresio ed \u00e8 un punto interessante per fare attraversate ad altre capanne della zona.<\/p>\n<p>Da Maggio 2014 la capanna \u00e8 anche raggiungibile da una suggestiva via ferrata &#8220;Tresignori&#8221; che parte a 20 min. da Mornera<a href=\"https:\/\/www.facebook.com\/tresignori\">:https:\/\/www.facebook.com\/tresignori&nbsp;<\/a><br \/>\n[\/et_pb_text][\/et_pb_column][\/et_pb_row][et_pb_row _builder_version=&#8221;4.16&#8243; global_colors_info=&#8221;{}&#8221;][et_pb_column type=&#8221;4_4&#8243; _builder_version=&#8221;4.16&#8243; global_colors_info=&#8221;{}&#8221;][et_pb_text _builder_version=&#8221;4.16&#8243; global_colors_info=&#8221;{}&#8221;]<\/p>\n<p style=\"font-weight: 400;\"><span style=\"text-decoration: underline; color: #0000ff;\"><strong>90 anni e non sentirli<\/strong><\/span><\/p>\n<p style=\"font-weight: 400;\"><span>In una cornice di gioia, festa, serenit\u00e0 e amicizia si sono festeggiati, in data 15 agosto 2022, i 90 anni della capanna Albagno.<br \/><\/span><span>Fin da subito in capanna ci si \u00e8 sentiti a casa grazie soprattutto all&#8217;esemplare accoglienza di Clem ed Enrica. <br \/><\/span><span>11.30 qualche parola di rito e il via al ricco aperitivo offerto ai partecipanti, aperitivo seguito da un\u2019apprezzatissima maccheronata. Come non citare lo sfizioso banco del dolce che ha conquistato ogni singolo partecipante. <br \/><\/span><span>Discorsi emozionanti, ricordi di storia condivisi, un pensiero a chi ha permesso l\u2019eredit\u00e0 per le generazioni future, un tocco di sensibilit\u00e0 per la promozione delle nostre capanne; questi i temi trattati nella parte ufficiale da: autorit\u00e0, patriziati, OTR, FAT e membri di comitato. La giornata si \u00e8 conclusa con il rito della benedizione.<\/span><\/p>\n<p style=\"font-weight: 400;\"><span>Grazie a tutti da parte del comitato.<\/span><\/p>\n<p style=\"font-weight: 400;\"><span>La capanna vive grazie ai suoi volontari! <\/span><\/p>\n<p style=\"font-weight: 400;\"><span>Ci si vede tra dieci anni!<\/span><\/p>\n<p>[\/et_pb_text][\/et_pb_column][\/et_pb_row][et_pb_row _builder_version=&#8221;4.16&#8243; global_colors_info=&#8221;{}&#8221;][et_pb_column type=&#8221;4_4&#8243; _builder_version=&#8221;4.16&#8243; global_colors_info=&#8221;{}&#8221;][et_pb_gallery gallery_ids=&#8221;4937,4944,4943,4942,4941,4940,4939,4938,4993,4992,4991,4990,4989,4988,4987,4986,4985,4984,4983,4982,4981,4980,4979,4978,4977,4976,4975,4974,4973,4972,4971,4970,4969,4968,4967,4966,4965,4964,4963,4962,4961,4960,4959,4958,4957,4956,4955,4954,4953,4952,4951,4950,4949,4948,4947,4946,4945&#8243; show_title_and_caption=&#8221;off&#8221; _builder_version=&#8221;4.16&#8243; global_colors_info=&#8221;{}&#8221;][\/et_pb_gallery][\/et_pb_column][\/et_pb_row][et_pb_row column_structure=&#8221;1_3,1_3,1_3&#8243; _builder_version=&#8221;4.16&#8243; background_size=&#8221;initial&#8221; background_position=&#8221;top_left&#8221; background_repeat=&#8221;repeat&#8221; global_colors_info=&#8221;{}&#8221;][et_pb_column type=&#8221;1_3&#8243; _builder_version=&#8221;4.16&#8243; custom_padding=&#8221;|||&#8221; global_colors_info=&#8221;{}&#8221; custom_padding__hover=&#8221;|||&#8221;][et_pb_image src=&#8221;https:\/\/utoe.ch\/wp-content\/uploads\/2018\/04\/albagno.jpg&#8221; show_in_lightbox=&#8221;on&#8221; use_overlay=&#8221;on&#8221; hover_icon=&#8221;&#x55;||divi||400&#8243; align_tablet=&#8221;center&#8221; align_phone=&#8221;&#8221; align_last_edited=&#8221;on|desktop&#8221; _builder_version=&#8221;4.16&#8243; always_center_on_mobile=&#8221;on&#8221; global_colors_info=&#8221;{}&#8221;][\/et_pb_image][\/et_pb_column][et_pb_column type=&#8221;1_3&#8243; _builder_version=&#8221;4.16&#8243; custom_padding=&#8221;|||&#8221; global_colors_info=&#8221;{}&#8221; custom_padding__hover=&#8221;|||&#8221;][et_pb_image src=&#8221;https:\/\/utoe.ch\/wp-content\/uploads\/2018\/04\/Capanna_Albagno_2.jpg&#8221; show_in_lightbox=&#8221;on&#8221; use_overlay=&#8221;on&#8221; hover_icon=&#8221;&#x55;||divi||400&#8243; align_tablet=&#8221;center&#8221; align_phone=&#8221;&#8221; align_last_edited=&#8221;on|desktop&#8221; _builder_version=&#8221;4.16&#8243; always_center_on_mobile=&#8221;on&#8221; global_colors_info=&#8221;{}&#8221;][\/et_pb_image][\/et_pb_column][et_pb_column type=&#8221;1_3&#8243; _builder_version=&#8221;4.16&#8243; custom_padding=&#8221;|||&#8221; global_colors_info=&#8221;{}&#8221; custom_padding__hover=&#8221;|||&#8221;][et_pb_image src=&#8221;https:\/\/utoe.ch\/wp-content\/uploads\/2018\/04\/brotzeit-an-der-capanna-albagno.jpg&#8221; show_in_lightbox=&#8221;on&#8221; use_overlay=&#8221;on&#8221; hover_icon=&#8221;&#x55;||divi||400&#8243; align_tablet=&#8221;center&#8221; align_phone=&#8221;&#8221; align_last_edited=&#8221;on|desktop&#8221; _builder_version=&#8221;4.16&#8243; always_center_on_mobile=&#8221;on&#8221; global_colors_info=&#8221;{}&#8221;][\/et_pb_image][\/et_pb_column][\/et_pb_row][et_pb_row _builder_version=&#8221;4.27.4&#8243; _module_preset=&#8221;default&#8221; background_color=&#8221;#0C71C3&#8243; box_shadow_style=&#8221;preset1&#8243; global_colors_info=&#8221;{}&#8221;][et_pb_column type=&#8221;4_4&#8243; _builder_version=&#8221;4.27.4&#8243; _module_preset=&#8221;default&#8221; global_colors_info=&#8221;{}&#8221;][et_pb_cta button_text=&#8221;Click&#8221; module_id=&#8221;chiusura&#8221; _builder_version=&#8221;4.27.4&#8243; _module_preset=&#8221;default&#8221; background_color=&#8221;#5bc4ea&#8221; animation_style=&#8221;zoom&#8221; global_colors_info=&#8221;{}&#8221;]<\/p>\n<h1><span style=\"color: #ff0000;\">La capanna Albagno \u00e8 aperta<\/span><\/h1>\n<p><span style=\"font-size: x-large;\">\u00a0<\/span><\/p>\n<p><span style=\"font-size: x-large;\">dal 1. Maggio 2026 la capanna \u00e8 aperta e parzialmente custodita da volontari.<\/span><\/p>\n<p><span style=\"font-size: x-large;\">Aspettiamo volentieri le vostre prenotazioni.<\/span><\/p>\n<p><span style=\"font-size: x-large;\">A presto<\/span><\/p>\n<h3><span style=\"font-size: x-large;\"><span style=\"color: #ff0000;\">*********************<\/span><span style=\"color: #ff0000;\">\u00a0<\/span><\/span><\/h3>\n<p><span style=\"color: #ff0000; font-size: x-large;\"><\/span><\/p>\n<p><span style=\"font-size: x-large;\">Ab dem 1. Mai 2026 ist die H\u00fctte ge\u00f6ffnet und wird teilweise von Freiwilligen betreut.<\/span><\/p>\n<p><span style=\"font-size: x-large;\">Wir freuen uns auf Ihre Reservierungen.<\/span><\/p>\n<p><span style=\"font-size: x-large;\">Bis bald<\/span><\/p>\n<h3><span style=\"color: #ff0000;\">\u00a0<\/span><\/h3>\n<p>[\/et_pb_cta][\/et_pb_column][\/et_pb_row][et_pb_row _builder_version=&#8221;4.16&#8243; background_size=&#8221;initial&#8221; background_position=&#8221;top_left&#8221; background_repeat=&#8221;repeat&#8221; global_colors_info=&#8221;{}&#8221;][et_pb_column type=&#8221;4_4&#8243; _builder_version=&#8221;4.16&#8243; custom_padding=&#8221;|||&#8221; global_colors_info=&#8221;{}&#8221; custom_padding__hover=&#8221;|||&#8221;][et_pb_text _builder_version=&#8221;4.16&#8243; global_colors_info=&#8221;{}&#8221;]\n<table id=\"tablepress-2\" class=\"tablepress tablepress-id-2\">\n<tbody class=\"row-striping row-hover\">\n<tr class=\"row-1\">\n\t<td class=\"column-1\">Altitudine<\/td><td class=\"column-2\">1'870 m<\/td>\n<\/tr>\n<tr class=\"row-2\">\n\t<td class=\"column-1\">Telefono<\/td><td class=\"column-2\">Tel. +41 79 274 22 50<br \/>\nRisponde solo in presenza del guardiano.<br \/>\nNon inviare messaggi SMS o Whatsapp<\/td>\n<\/tr>\n<tr class=\"row-3\">\n\t<td class=\"column-1\">Natel<\/td><td class=\"column-2\">la copertura in capanna \u00e8 abbastanza buona<\/td>\n<\/tr>\n<tr class=\"row-4\">\n\t<td class=\"column-1\">Ubicazione<\/td><td class=\"column-2\">Alta Valle di Gorduno<\/td>\n<\/tr>\n<tr class=\"row-5\">\n\t<td class=\"column-1\">Carte<\/td><td class=\"column-2\">1:25'000 1313 Bellinzona<br \/>\n1:50'000 276 Val Verzasca<\/td>\n<\/tr>\n<tr class=\"row-6\">\n\t<td class=\"column-1\">Coordinate<\/td><td class=\"column-2\">717.100\/120.140<\/td>\n<\/tr>\n<tr class=\"row-7\">\n\t<td class=\"column-1\">Posti<\/td><td class=\"column-2\">28 (camerata con 16 + soppalco di 6 \/ altri 6 sopra la cucina)<\/td>\n<\/tr>\n<tr class=\"row-8\">\n\t<td class=\"column-1\">Apertura <\/td><td class=\"column-2\"><strong><br \/>\nCapanna aperta dal 01. Maggio 2026<\/strong><\/td>\n<\/tr>\n<tr class=\"row-9\">\n\t<td class=\"column-1\">Presenza guardiano<\/td><td class=\"column-2\">Nei fine settimana da maggio a ottobre.<br \/>\nTutti i giorni da met\u00e0 luglio a met\u00e0 agosto.<\/td>\n<\/tr>\n<tr class=\"row-10\">\n\t<td class=\"column-1\">Prenotazioni<\/td><td class=\"column-2\">Prenotazione obbligatoria<br \/>\n<br \/>\nScrivere a <a href=\"mailto:albagno@utoe.ch\">albagno@utoe.ch<\/a><br \/>\no direttamente in capanna nel periodo di presenza continua.<\/td>\n<\/tr>\n<tr class=\"row-11\">\n\t<td class=\"column-1\">Prezzi capanna<\/td><td class=\"column-2\"><a href=\"https:\/\/utoe.ch\/wp-content\/uploads\/2026\/05\/Tariffe-Capanna.pdf\">Tariffe<\/a><\/td>\n<\/tr>\n<tr class=\"row-12\">\n\t<td class=\"column-1\">Pasti<\/td><td class=\"column-2\">Mezza pensione in presenza del guardiano.<\/td>\n<\/tr>\n<tr class=\"row-13\">\n\t<td class=\"column-1\">Bibite<\/td><td class=\"column-2\">A disposizione degli escursionisti<\/td>\n<\/tr>\n<tr class=\"row-14\">\n\t<td class=\"column-1\">Vie di accesso<\/td><td class=\"column-2\">Da Mornera (teleferica da Monte Carasso) :1,5 ore<br \/>\nRiservazione della teleferica obbligatoria <a href=\"http:\/\/www.mornera.ch\">www.mornera.ch<\/a><br \/>\nDa Bedretto (alta Valle di Gorduno): 2 ore<\/td>\n<\/tr>\n<tr class=\"row-15\">\n\t<td class=\"column-1\">Guardiano<\/td><td class=\"column-2\">La capanna \u00e8 custodita nei seguenti periodi: fine settimana da maggio a ottobre.<br \/>\nTutti i giorni da met\u00e0 luglio a met\u00e0 agosto.<br \/>\n<strong>La capanna rimane chiusa nei mesi invernali.<\/strong><br \/>\n<\/td>\n<\/tr>\n<tr class=\"row-16\">\n\t<td class=\"column-1\">Amministratore<\/td><td class=\"column-2\">info@utoe.ch<\/td>\n<\/tr>\n<tr class=\"row-17\">\n\t<td class=\"column-1\">Internet<\/td><td class=\"column-2\"><a href=\"http:\/\/www.capanneti.ch\" rel=\"noopener\" target=\"_blank\">www.capanneti.ch<\/a><br \/>\n<a href=\"mailto:albagno@utoe.ch\">albagno@utoe.ch<\/a><\/td>\n<\/tr>\n<tr class=\"row-18\">\n\t<td class=\"column-1\">Complementi<\/td><td class=\"column-2\">2 servizi interni<br \/>\nDoccia (Fr. 5.-)<br \/>\nAcqua calda solo in presenza del guardiano.<br \/>\nLetti con coperte e alcuni piumoni.<br \/>\nCucina a legna e a gas.<br \/>\nPrese da 220 V<\/td>\n<\/tr>\n<\/tbody>\n<\/table>\n<!-- #tablepress-2 from cache --><br \/>\n[\/et_pb_text][\/et_pb_column][\/et_pb_row][\/et_pb_section]<\/p>\n","protected":false},"excerpt":{"rendered":"<p>Graziosa capanna situata sopra Bellinzona, ai piedi di importanti cime e interessante base per la \u201cVia alta della Verzasca\u201d. La capanna \u00e8 la meta preferita per famiglie ed escursionisti che vogliono godersi le bellezze della montagna. Gode di una vista stupenda sul fondovalle ed il lago Ceresio ed \u00e8 un punto interessante per fare attraversate [&hellip;]<\/p>\n","protected":false},"author":1,"featured_media":0,"parent":0,"menu_order":0,"comment_status":"closed","ping_status":"closed","template":"","meta":{"_et_pb_use_builder":"on","_et_pb_old_content":"<p><iframe style=\"border: 0;\" src=\"https:\/\/map.geo.admin.ch\/embed.html?lang=it&topic=ech&bgLayer=ch.swisstopo.pixelkarte-farbe&layers=ch.swisstopo.zeitreihen,ch.bfs.gebaeude_wohnungs_register,ch.bav.haltestellen-oev,ch.swisstopo.swisstlm3d-wanderwege,KML%7C%7Chttps:%2F%2Fpublic.geo.admin.ch%2Fzs55Yy84R1ye1xUH9fQCeQ&layers_visibility=false,false,false,false,true&layers_timestamp=18641231,,,,&E=2716989.47&N=1120341.88&zoom=8\" width=\"800\" height=\"600\" frameborder=\"0\"><\/iframe><\/p><p>Graziosa capanna situata sopra Bellinzona, ai piedi di importanti cime e interessante base per la \u201cVia alta della Verzasca\u201d. La capanna \u00e8 la meta preferita per famiglie ed escursionisti che vogliono godersi le bellezze della montagna. Gode di una vista stupenda sul fondovalle ed il lago Ceresio ed \u00e8 un punto interessante per fare attraversate ad altre capanne della zona.<\/p><p>Da Maggio 2014 la capanna \u00e8 anche raggiungibile da una suggestiva via ferrata \"Tresignori\" che parte a 20 min. da Mornera: https:\/\/www.facebook.com\/tresignori<\/p><p>[table id=2 \/]<\/p><p>\u00a0<\/p>","_et_gb_content_width":"","ngg_post_thumbnail":0,"footnotes":""},"class_list":["post-24","page","type-page","status-publish","hentry"],"_links":{"self":[{"href":"https:\/\/utoe.ch\/index.php?rest_route=\/wp\/v2\/pages\/24","targetHints":{"allow":["GET"]}}],"collection":[{"href":"https:\/\/utoe.ch\/index.php?rest_route=\/wp\/v2\/pages"}],"about":[{"href":"https:\/\/utoe.ch\/index.php?rest_route=\/wp\/v2\/types\/page"}],"author":[{"embeddable":true,"href":"https:\/\/utoe.ch\/index.php?rest_route=\/wp\/v2\/users\/1"}],"replies":[{"embeddable":true,"href":"https:\/\/utoe.ch\/index.php?rest_route=%2Fwp%2Fv2%2Fcomments&post=24"}],"version-history":[{"count":21,"href":"https:\/\/utoe.ch\/index.php?rest_route=\/wp\/v2\/pages\/24\/revisions"}],"predecessor-version":[{"id":7891,"href":"https:\/\/utoe.ch\/index.php?rest_route=\/wp\/v2\/pages\/24\/revisions\/7891"}],"wp:attachment":[{"href":"https:\/\/utoe.ch\/index.php?rest_route=%2Fwp%2Fv2%2Fmedia&parent=24"}],"curies":[{"name":"wp","href":"https:\/\/api.w.org\/{rel}","templated":true}]}}