{"id":42,"date":"2018-01-26T08:37:42","date_gmt":"2018-01-26T07:37:42","guid":{"rendered":"http:\/\/utoe.ch\/?page_id=42"},"modified":"2025-11-20T20:17:35","modified_gmt":"2025-11-20T19:17:35","slug":"attivita","status":"publish","type":"page","link":"https:\/\/utoe.ch\/?page_id=42","title":{"rendered":"Attivit\u00e0"},"content":{"rendered":"<p>[et_pb_section fb_built=&#8221;1&#8243; fullwidth=&#8221;on&#8221; _builder_version=&#8221;4.16&#8243; global_colors_info=&#8221;{}&#8221;][et_pb_fullwidth_header title=&#8221;ATTIVIT\u00c0&#8221; _builder_version=&#8221;4.16&#8243; title_font=&#8221;Archivo Black||||||||&#8221; title_text_color=&#8221;#0c71c3&#8243; background_color=&#8221;rgba(255, 255, 255, 0)&#8221; background_layout=&#8221;light&#8221; title_text_shadow_style=&#8221;preset2&#8243; title_text_shadow_color=&#8221;rgba(12,155,211,0.4)&#8221; global_colors_info=&#8221;{}&#8221; button_one_text_size__hover_enabled=&#8221;off&#8221; button_two_text_size__hover_enabled=&#8221;off&#8221; button_one_text_color__hover_enabled=&#8221;off&#8221; button_two_text_color__hover_enabled=&#8221;off&#8221; button_one_border_width__hover_enabled=&#8221;off&#8221; button_two_border_width__hover_enabled=&#8221;off&#8221; button_one_border_color__hover_enabled=&#8221;off&#8221; button_two_border_color__hover_enabled=&#8221;off&#8221; button_one_border_radius__hover_enabled=&#8221;off&#8221; button_two_border_radius__hover_enabled=&#8221;off&#8221; button_one_letter_spacing__hover_enabled=&#8221;off&#8221; button_two_letter_spacing__hover_enabled=&#8221;off&#8221; button_one_bg_color__hover_enabled=&#8221;off&#8221; button_two_bg_color__hover_enabled=&#8221;off&#8221;][\/et_pb_fullwidth_header][\/et_pb_section][et_pb_section fb_built=&#8221;1&#8243; _builder_version=&#8221;4.16&#8243; global_colors_info=&#8221;{}&#8221;][et_pb_row _builder_version=&#8221;4.16&#8243; global_colors_info=&#8221;{}&#8221;][et_pb_column type=&#8221;4_4&#8243; _builder_version=&#8221;4.16&#8243; global_colors_info=&#8221;{}&#8221;][et_pb_text _builder_version=&#8221;4.16&#8243; custom_padding=&#8221;||1px|||&#8221; global_colors_info=&#8221;{}&#8221;]<\/p>\n<h2 style=\"text-align: center;\"><span style=\"color: #000000;\"><strong><span color=\"#00ccff\" style=\"color: #00ccff;\"><span style=\"caret-color: #00ccff;\"><span style=\"color: #000000;\">Le nostre proposte&#8230;<\/span><\/span><\/span><\/strong><\/span><span style=\"font-size: 20px; text-align: left; color: #666666;\">\u00a0<\/span><\/h2>\n<p>&nbsp;<\/p>\n<h2 style=\"text-align: center;\"><a href=\"https:\/\/utoe.ch\/?page_id=535\"><span style=\"color: #e02b20;\">&gt;&gt;&gt; Scorri il 2026 per visualizzare in anteprima le uscite previste!<\/span><\/a><\/h2>\n<p>&nbsp;<\/p>\n<p>[\/et_pb_text][\/et_pb_column][\/et_pb_row][et_pb_row column_structure=&#8221;1_6,1_6,1_6,1_6,1_6,1_6&#8243; _builder_version=&#8221;4.16&#8243; background_size=&#8221;initial&#8221; background_position=&#8221;top_left&#8221; background_repeat=&#8221;repeat&#8221; global_colors_info=&#8221;{}&#8221;][et_pb_column type=&#8221;1_6&#8243; _builder_version=&#8221;4.16&#8243; custom_padding=&#8221;|||&#8221; global_colors_info=&#8221;{}&#8221; custom_padding__hover=&#8221;|||&#8221;][et_pb_image src=&#8221;https:\/\/utoe.ch\/wp-content\/uploads\/2018\/04\/31218583_1994228394171748_9041241238543532032_n.jpg&#8221; show_in_lightbox=&#8221;on&#8221; use_overlay=&#8221;on&#8221; hover_icon=&#8221;&#x55;||divi||400&#8243; align_tablet=&#8221;center&#8221; align_phone=&#8221;&#8221; align_last_edited=&#8221;on|desktop&#8221; _builder_version=&#8221;4.27.4&#8243; always_center_on_mobile=&#8221;on&#8221; global_colors_info=&#8221;{}&#8221;][\/et_pb_image][\/et_pb_column][et_pb_column type=&#8221;1_6&#8243; _builder_version=&#8221;4.16&#8243; custom_padding=&#8221;|||&#8221; global_colors_info=&#8221;{}&#8221; custom_padding__hover=&#8221;|||&#8221;][et_pb_image src=&#8221;https:\/\/utoe.ch\/wp-content\/uploads\/2018\/04\/Cima_dell_Adula.jpg&#8221; show_in_lightbox=&#8221;on&#8221; use_overlay=&#8221;on&#8221; hover_icon=&#8221;&#x55;||divi||400&#8243; align_tablet=&#8221;center&#8221; align_phone=&#8221;&#8221; align_last_edited=&#8221;on|desktop&#8221; _builder_version=&#8221;4.27.4&#8243; hover_enabled=&#8221;0&#8243; always_center_on_mobile=&#8221;on&#8221; global_colors_info=&#8221;{}&#8221; title_text=&#8221;Cima_dell_Adula&#8221; sticky_enabled=&#8221;0&#8243;][\/et_pb_image][\/et_pb_column][et_pb_column type=&#8221;1_6&#8243; _builder_version=&#8221;4.16&#8243; global_colors_info=&#8221;{}&#8221;][et_pb_image src=&#8221;https:\/\/utoe.ch\/wp-content\/uploads\/2020\/01\/IMG_3795.jpg&#8221; _builder_version=&#8221;4.27.4&#8243; hover_enabled=&#8221;0&#8243; global_colors_info=&#8221;{}&#8221; show_in_lightbox=&#8221;on&#8221; sticky_enabled=&#8221;0&#8243;][\/et_pb_image][\/et_pb_column][et_pb_column type=&#8221;1_6&#8243; _builder_version=&#8221;4.16&#8243; global_colors_info=&#8221;{}&#8221;][et_pb_image src=&#8221;https:\/\/utoe.ch\/wp-content\/uploads\/2020\/04\/20180630_101547-scaled.jpg&#8221; _builder_version=&#8221;4.27.4&#8243; hover_enabled=&#8221;0&#8243; global_colors_info=&#8221;{}&#8221; show_in_lightbox=&#8221;on&#8221; sticky_enabled=&#8221;0&#8243;][\/et_pb_image][\/et_pb_column][et_pb_column type=&#8221;1_6&#8243; _builder_version=&#8221;4.16&#8243; custom_padding=&#8221;|||&#8221; global_colors_info=&#8221;{}&#8221; custom_padding__hover=&#8221;|||&#8221;][et_pb_image src=&#8221;https:\/\/utoe.ch\/wp-content\/uploads\/2018\/04\/Juf.jpg&#8221; show_in_lightbox=&#8221;on&#8221; use_overlay=&#8221;on&#8221; hover_icon=&#8221;&#x55;||divi||400&#8243; align_tablet=&#8221;center&#8221; align_phone=&#8221;&#8221; align_last_edited=&#8221;on|desktop&#8221; _builder_version=&#8221;4.16&#8243; always_center_on_mobile=&#8221;on&#8221; global_colors_info=&#8221;{}&#8221;][\/et_pb_image][\/et_pb_column][et_pb_column type=&#8221;1_6&#8243; _builder_version=&#8221;4.16&#8243; custom_padding=&#8221;|||&#8221; global_colors_info=&#8221;{}&#8221; custom_padding__hover=&#8221;|||&#8221;][et_pb_image src=&#8221;https:\/\/utoe.ch\/wp-content\/uploads\/2018\/04\/20228961_1876542619273660_1962011471883602905_n.jpg&#8221; show_in_lightbox=&#8221;on&#8221; use_overlay=&#8221;on&#8221; hover_icon=&#8221;&#x55;||divi||400&#8243; align_tablet=&#8221;center&#8221; align_phone=&#8221;&#8221; align_last_edited=&#8221;on|desktop&#8221; _builder_version=&#8221;4.16&#8243; always_center_on_mobile=&#8221;on&#8221; global_colors_info=&#8221;{}&#8221;][\/et_pb_image][\/et_pb_column][\/et_pb_row][et_pb_row _builder_version=&#8221;4.16&#8243; background_size=&#8221;initial&#8221; background_position=&#8221;top_left&#8221; background_repeat=&#8221;repeat&#8221; min_height=&#8221;778px&#8221; custom_margin=&#8221;|153px||441px||&#8221; custom_padding=&#8221;||60px|||&#8221; global_colors_info=&#8221;{}&#8221;][et_pb_column type=&#8221;4_4&#8243; _builder_version=&#8221;4.16&#8243; custom_padding=&#8221;|||&#8221; global_colors_info=&#8221;{}&#8221; custom_padding__hover=&#8221;|||&#8221;][et_pb_text _builder_version=&#8221;4.16&#8243; header_text_align=&#8221;justify&#8221; text_orientation=&#8221;justified&#8221; global_colors_info=&#8221;{}&#8221;][\/et_pb_text][et_pb_text _builder_version=&#8221;4.16&#8243; header_text_align=&#8221;justify&#8221; text_orientation=&#8221;justified&#8221; width=&#8221;84.5%&#8221; module_alignment=&#8221;center&#8221; custom_margin=&#8221;|130px||42px||&#8221; custom_padding=&#8221;|29px||16px||&#8221; global_colors_info=&#8221;{}&#8221;]<\/p>\n<p>Le attivit\u00e0 dell\u2019UTOE di Bellinzona sono molteplici ed assai variegate, seguendo il men\u00f9 attivit\u00e0 -&gt; programma attivit\u00e0 del sito trovate la descrizione di ogni attivit\u00e0 con le date, le spiegazioni ed i recapiti dei responsabili.<\/p>\n<p>La nostra societ\u00e0 \u00e8 divisa per attivit\u00e0, dove ognuna ha un responsabile o un portavoce che siede in comitato. Dunque non unicamente escursioni o capanne, ma anche altre discipline sportive, gruppi di lavoro che operano sempre nell\u2019area della grande famiglia utoeina.<\/p>\n<p>La parte principale delle attivit\u00e0 \u00e8 sicuramente il programma gite, in esso si trovano tutte le uscite e le escursioni che la societ\u00e0 organizza sull\u2019arco dell\u2019anno; vi sono attivit\u00e0 per ogni livello di capacit\u00e0 e per ogni disciplina. Queste escursioni sono dirette ed organizzate da validi capigita con grande esperienza della montagna.<\/p>\n<p>I corsi sono una parte importante dell\u2019UTOE, infatti prima di portare delle persone per valli e cime bisogna dare loro un\u2019istruzione di base.<\/p>\n<p>La corsa d\u2019orientamento \u00e8 un gruppo indipendente alla societ\u00e0, infatti \u00e8 sotto il cappello dell\u2019UTOE, ma ha un comitato suo ed un\u2019attivit\u00e0 indipendente.<\/p>\n<p>Il gruppo dei giovani denominato OG (Organizzazione Giovanile) \u00e8 frutto della collaborazione fra le due societ\u00e0 alpinistiche bellinzonesi: L\u2019UTOE e il CAS Bellinzona e Valli. I giovani sono le basi ed il futuro della societ\u00e0 e siamo fieri del successo che riscontra sempre questa parte giovane dell\u2019UTOE.<\/p>\n<p>I Mini sono i giovanissimi bambini (da 8 a 12) che si ritrovano dopo la fine della scuola per passare 4 giorni in una capanna delle nostre montagne e divertirsi in compagnia salendo le vette della regione, arrampicando sulle piccole pareti dei dintorni.<\/p>\n<p>[\/et_pb_text][\/et_pb_column][\/et_pb_row][\/et_pb_section]<\/p>\n","protected":false},"excerpt":{"rendered":"<p>Le nostre proposte&#8230;\u00a0 &nbsp; &gt;&gt;&gt; Scorri il 2026 per visualizzare in anteprima le uscite previste! &nbsp;Le attivit\u00e0 dell\u2019UTOE di Bellinzona sono molteplici ed assai variegate, seguendo il men\u00f9 attivit\u00e0 -&gt; programma attivit\u00e0 del sito trovate la descrizione di ogni attivit\u00e0 con le date, le spiegazioni ed i recapiti dei responsabili. La nostra societ\u00e0 \u00e8 divisa [&hellip;]<\/p>\n","protected":false},"author":1,"featured_media":0,"parent":0,"menu_order":0,"comment_status":"closed","ping_status":"closed","template":"","meta":{"_et_pb_use_builder":"on","_et_pb_old_content":"Un ventaglio di attivit\u00e0 per tutti i gusti\n\nLe attivit\u00e0 dell\u2019UTOE di Bellinzona sono molteplici ed assai variegate, in questa parte del sito trovate la descrizione di ogni attivit\u00e0 con le date, le spiegazioni del caso ed i recapiti dei responsabili.\n\nLa nostra societ\u00e0 \u00e8 divisa per attivit\u00e0, dove ognuna ha un responsabile o un portavoce che siede in comitato. Dunque non unicamente escursioni o capanne, ma anche altre discipline sportive, gruppi di lavoro, ecc. che operano sempre nell\u2019area della grande famiglia utoeina.\n\nLa parte principale delle attivit\u00e0 \u201cUTOE\u201d \u00e8 sicuramente il programma gite, in esso si trovano tutte le uscite e le escursioni che la societ\u00e0 organizza sull\u2019arco dell\u2019anno; vi sono attivit\u00e0 per ogni livello di capacit\u00e0 e per ogni disciplina. Queste escursioni sono dirette ed organizzate da validi capigita con grande esperienza della montagna. Nel sito troverai \u2013 divise per disciplina e periodi \u2013 tutte le gite di quest\u2019anno.\n\nI corsi sono una parte importante dell\u2019UTOE, infatti prima di portare delle persone per valli e cime bisogna dare loro un\u2019istruzione di base. Consultate il sito, troverete ci\u00f2 che fa per voi!\n\nLa corsa d\u2019orientamento \u00e8 un gruppo indipendente alla societ\u00e0, infatti \u00e8 sotto il cappello dell\u2019UTOE ma ha un comitato suo ed un\u2019attivit\u00e0 indipendente. In questo sito troverete ulteriori informazioni.\n\nIl gruppo dei giovani denominato OG (organizzazione Giovanile) \u00e8 il frutto della collaborazione fra le due societ\u00e0 alpinistiche bellinzonesi: L\u2019UTOE e il CAS Bellinzona e Valli. I giovani sono le basi ed il futuro della societ\u00e0 e siamo fieri del successo che riscontra sempre questa parte giovane dell\u2019UTOE! Cliccate la rubrica degli OG, troverete il link al loro sito personale!\n\nI Mini sono i piccoli: giovanissimi bambini (da 8 a 14) che si ritrovano subito dopo la fine della scuola per passare 4 giorni in una capanna delle nostre montagne e divertirsi in compagnia salendo le vette della regione, arrampicando sulle piccole pareti dei dintorni. Anche qui vi \u00e8 un grandissimo interesse, dunque andate nel sito a vedere i dettagli ed iscrivete subito i vostri bambini.","_et_gb_content_width":"","ngg_post_thumbnail":0,"footnotes":""},"class_list":["post-42","page","type-page","status-publish","hentry"],"_links":{"self":[{"href":"https:\/\/utoe.ch\/index.php?rest_route=\/wp\/v2\/pages\/42","targetHints":{"allow":["GET"]}}],"collection":[{"href":"https:\/\/utoe.ch\/index.php?rest_route=\/wp\/v2\/pages"}],"about":[{"href":"https:\/\/utoe.ch\/index.php?rest_route=\/wp\/v2\/types\/page"}],"author":[{"embeddable":true,"href":"https:\/\/utoe.ch\/index.php?rest_route=\/wp\/v2\/users\/1"}],"replies":[{"embeddable":true,"href":"https:\/\/utoe.ch\/index.php?rest_route=%2Fwp%2Fv2%2Fcomments&post=42"}],"version-history":[{"count":51,"href":"https:\/\/utoe.ch\/index.php?rest_route=\/wp\/v2\/pages\/42\/revisions"}],"predecessor-version":[{"id":7549,"href":"https:\/\/utoe.ch\/index.php?rest_route=\/wp\/v2\/pages\/42\/revisions\/7549"}],"wp:attachment":[{"href":"https:\/\/utoe.ch\/index.php?rest_route=%2Fwp%2Fv2%2Fmedia&parent=42"}],"curies":[{"name":"wp","href":"https:\/\/api.w.org\/{rel}","templated":true}]}}